, 0 = 3*o - 3*g + 33. List the prime factors of (-3)/18 - (163/o - n).
2, 3, 5
Let v(f) = -4483*f - 8. List the prime factors of v(-5).
3, 7, 11, 97
Let x(i) = -5 - 1006*i - 20 + 1018*i. Suppose -5*p + 22 = 2*w, 4*p + 0*p = -2*w + 20. List the prime factors of x(w).
47
Let l(d) = -d**3 - d**2 - 5*d + 8. List the prime factors of l(-9).
701
Suppose 6*z - 805 - 5 = 0. Let q be 2445/z + 2/(-18). Suppose 21*c - q*c - 144 = 0. List the prime factors of c.
2, 3
Suppose 0 = -5*p - 2*g + 437, -3*g + 172 + 266 = 5*p. Let b = p - -529. List the prime factors of b.
2, 7, 11
Let k = -85 - -5170. What are the prime factors of k?
3, 5, 113
Let u be -22 + (6/12)/((-3)/(-24)). List the prime factors of (1 - (-197)/(-2))*u/15.
3, 13
Let a = 8 + -5. Suppose n + 2*n - u + 1 = 0, 5*u + 6 = 4*n. List the prime factors of 186/(-2)*n/a.
31
Let g be (-96)/40*(-30)/4. Let j(d) = -d**2 + 24*d - 21. List the prime factors of j(g).
3, 29
Suppose 2*y + 21919 = c, -10402 = -c + 4*y + 11505. List the prime factors of c.
7, 13, 241
Let p(l) = 21*l**3 - 2*l - 2. Let q be p(2). Let h = q - 122. Suppose h = c - 24. List the prime factors of c.
2
Let n = -1866 + 2405. What are the prime factors of n?
7, 11
Suppose 3*j = 4*j, 2*j - 110 = 5*n. What are the prime factors of 4/n + 12/198*4689?
2, 71
Suppose 356*i = 298*i + 2007818 - 737560. What are the prime factors of i?
11, 181
Suppose 269*o = 268*o + 3993. What are the prime factors of o?
3, 11
What are the prime factors of 19/3 - 36/(-54) - -9448?
5, 31, 61
Suppose 111*d - 109*d = 6. Suppose -9*u + 672 = -5*u + 4*a, 2*u - d*a - 356 = 0. List the prime factors of u.
2, 43
Suppose -4*d + 97*z = 102*z - 10864, -5*d - 2*z + 13597 = 0. List the prime factors of d.
3, 907
Let f(u) = 437*u**2 + 2*u - 1. Let j be f(1). Let t = -636 + j. Let m = 308 + t. What are the prime factors of m?
2, 5, 11
Let u = -33370 - -61586. List the prime factors of u.
2, 3527
Suppose 3*z + z - 21002 = 2*i, 0 = 2*i - 6. Suppose 85*d - 72*d = z. What are the prime factors of d?
2, 101
Suppose 2*m = 5 + 1. Suppose 26 = 3*y - 3*p - 349, -m*y + 415 = 5*p. What are the prime factors of y?
2, 5, 13
Let k = 1170 + -793. What are the prime factors of k?
13, 29
Suppose y - 1298 + 10103 = 16*y. What are the prime factors of y?
587
Let k = 19 - 17. Suppose -7*b + k = 9. Let o = b - -75. List the prime factors of o.
2, 37
Let n = 9810 + -5024. List the prime factors of n.
2, 2393
Let a be 110682/154 + 2/7. Let p = a - 231. List the prime factors of p.
2, 61
Let j(a) be the third derivative of 7*a**5/30 - a**4/4 + 2*a**3/3 + 12*a**2. What are the prime factors of j(5)?
2, 3
Let t(h) = -h**2 + 39*h + 7576. What are the prime factors of t(0)?
2, 947
Let u(i) = 57*i - 3. Let j be u(5). Let r(z) = -2*z**3 - 26*z**2 - 30*z + 136. Let o be r(-13). Let y = o - j. What are the prime factors of y?
2, 61
Suppose 5*o + 25*o + 420 = 0. Let b(t) = -65*t - 15. What are the prime factors of b(o)?
5, 179
Suppose d - 416 = -123. Let r = -161 + d. What are the prime factors of r?
2, 3, 11
Let d(p) = p**3 - 14*p**2 - 34*p + 33. Let c be d(16). What are the prime factors of (155/(-62))/(c/(-102))?
3, 5, 17
Let y(w) = -66*w + 14. Let b be y(5). Let m = b - -692. List the prime factors of m.
2, 47
Let c = -26 - -28. Let o(t) = -27*t**2 - 7*t + 17. Let x be o(c). Let d = -22 - x. What are the prime factors of d?
83
Suppose -656 = -0*g + 4*g. Suppose 11*p - 1656 - 1006 = 0. Let m = g + p. List the prime factors of m.
2, 3, 13
Let w(f) be the third derivative of f**4/12 - 6*f**3 - 25*f**2. Let d be w(19). What are the prime factors of (-988)/(-6) + 1 + d/6?
2, 83
Let s(v) = v**3 - 2*v**2 - v + 8. Let k be s(3). Suppose -27*o + k*o = -4589. List the prime factors of o.
353
Let p = -771 + 2025. What are the prime factors of p?
2, 3, 11, 19
Let g be 1/(-1) - (-3 + -225). Let t be ((-134)/5)/((-12)/(-60)). Let i = t + g. List the prime factors of i.
3, 31
Let s(t) = 8114*t**2 - 59*t + 58. List the prime factors of s(1).
7, 19, 61
What are the prime factors of (15*-1)/(4/(-12) - (-7280)/21912)?
3, 5, 11, 83
Suppose -4*b + 21*h = 24*h - 141963, b = -h + 35492. What are the prime factors of b?
3, 3943
Suppose -b = -4*x - 293, -4*b - 57 = x - b. Let k = 349 - 221. Let u = x + k. List the prime factors of u.
2, 7
Let b(m) = 2*m**2 - 15*m + 10. Let q be b(7). Let r(x) = 13 - 12*x**2 - 7 - 3*x**q - 12*x + 2*x**3. What are the prime factors of r(-11)?
17
Suppose 5*f + 25 = 0, 5*f + 1358 - 307 = 3*z. Suppose w - z = 101. What are the prime factors of w?
443
Let h(r) be the third derivative of -7*r**4/12 - r**3/6 + 5*r**2. Let p be h(4). List the prime factors of (2470/p)/((-2)/3).
5, 13
Let v(w) = -w**3 - 7*w**2 - 4*w - 7. Let x = 251 - 260. List the prime factors of v(x).
191
Let g(b) = 3*b + 22*b - 37 + 128*b + 0*b - 8*b. What are the prime factors of g(9)?
2, 317
Let k(x) = -3*x + 13 + 2*x + 70*x**2 + 15 - 21. List the prime factors of k(3).
2, 317
Suppose -316 + 100 = 9*u. Let r be ((-1)/(-4))/((-3)/u). Suppose -r*i + 8 = 3*v, 3*v + 2*i = -3*i + 2. List the prime factors of v.
2
Suppose 265 = -3*z + 271. Suppose z*o + 1842 = 2*s, 0 = -19*s + 14*s - o + 4635. What are the prime factors of s?
2, 463
Let t(v) = -5621*v - 27. What are the prime factors of t(-4)?
17, 1321
Let l = 380 - 377. Suppose 0 = 2*q + 2*b - 1606, 11*q + l*b - 795 = 10*q. List the prime factors of q.
3, 269
List the prime factors of -298*(-1 - (-825)/(-10)) - (-34)/(-17).
139, 179
Suppose -4*a - 5 = -45. What are the prime factors of (a/(-15))/((-20)/2130)?
71
Let v(k) = 56*k - 296. Let q be v(5). Let x be (-2)/(-1)*(0 - -2). What are the prime factors of (q/10)/(x/(-730))?
2, 73
Suppose 2*n - d - 519 = 0, -2*n + 4*d + 572 - 62 = 0. Suppose 4*q + 5*h = 5*q - n, -q + 252 = 4*h. What are the prime factors of q?
2
Let z = -17007 - -51205. List the prime factors of z.
2, 17099
Suppose 0*i + 341 = 3*p - 5*i, -i = 4*p - 447. Let k be ((-96)/p)/(1/(-7)). What are the prime factors of (-2)/k*-6 - (-168 - 1)?
3, 19
Suppose -35*y = -9*y + 12584. Let q = -52 - y. List the prime factors of q.
2, 3
Let l(j) = -8*j**2 + 33*j - 13. Let v be l(5). List the prime factors of -2 - -551 - 1/(12/v).
7, 79
Suppose 231*s - 2*p = 236*s - 291851, 0 = -11*s - p + 642096. What are the prime factors of s?
7, 31, 269
Let b(j) = -j**3 - 7*j**2 + 7*j - 2. Let u be b(-6). Let f = -76 - u. What are the prime factors of f/6 + (-196)/(-12)?
17
List the prime factors of (-3923)/4*((-117)/13 + -11).
5, 3923
Let r(a) = -2146*a - 850. What are the prime factors of r(-4)?
2, 3, 1289
Suppose -8 = -4*l + 7*i - 5*i, 5*i + 2 = 4*l. Suppose 471 = -l*o + 3318. What are the prime factors of o?
13, 73
Suppose -6*m + 7*m + 4*b - 2252 = 0, 0 = -5*b + 25. List the prime factors of m.
2, 3, 31
Let x(l) = -42*l + 5. Let y be x(6). Let i(r) = -r**2 - 25*r + 169. Let q be i(-34). Let n = q - y. What are the prime factors of n?
2, 5, 11
Suppose 13*n + 18 = 16*n. Let l be n/1 + (-12)/4. What are the prime factors of (5/l - 2)/(1/(-219))?
73
Suppose -6*y = 3*n - 5*y - 250, 5*n - 418 = -2*y. Suppose 53 + n = d. Suppose -5*m + 200 = -d. List the prime factors of m.
67
Let a be (6 + 18)/8 - 0. Suppose a*v - 3*p = 2060 + 1774, 2*p - 1266 = -v. List the prime factors of v.
2, 7, 13
Let y = 2640 - 1504. Suppose 2*j - y = -2*c, -5*j - 27 = -2. List the prime factors of c.
3, 191
Suppose -25*b = -19*b + 126. List the prime factors of 337 - ((-5)/20 - b/(-12)).
3, 113
Let n = 3 - -3. Suppose -n*o - 2*o - 320 = 0. Let c = o + 64. What are the prime factors of c?
2, 3
Suppose -4*c + 4195 + 22 = -p, 5*p = 4*c - 4205. Suppose 4*a - 36*h + 40*h - 4228 = 0, 0 = a - h - c. List the prime factors of a.
2, 3, 11
Let b be ((336/18)/14)/(2/3). What are the prime factors of (-15246)/(-36) - (-3)/b?
5, 17
Let i = 95 - 90. Suppose -d = i*d - 270. List the prime factors of 445/2 - (7 + d/(-6)).
223
Suppose -1117 = -q + p + 267, -4*q = 2*p - 5530. Let o = q - 400. List the prime factors of o.
983
Let r = 21 + -16. Suppose 2*j - x = 5, -2 + 7 = r*j + 5*x. List the prime factors of (-6)/(-15) - j/((-30)/2769).
5, 37
Let l be (-1656)/14 + 24/84. Let o = l - -469. List the prime factors of o.
3, 13
Suppose -c - 6468 = -6*c + 4*r, -c - r + 1290 = 0. Suppose 9*w - 2290 = c. List the prime factors of w.
2, 199
Let s = 